t p = s + 113. Suppose -3*l + 636 = -p. Is l a prime number?
False
Let j be (-1 + 0/4)/1. Is (j/2)/((-2)/3044) a composite number?
False
Suppose 0 = -5*b - 148 + 678. Let h = b - -289. Is h composite?
True
Let l be (1/2)/((-8)/(-384)). Let n = l - 24. Suppose -3*r - g + 466 + 1111 = n, 1565 = 3*r + 4*g. Is r a prime number?
False
Suppose -4*v + 289054 = -3*g + 5*g, 0 = 2*g - 2. Is v a composite number?
True
Suppose 1098 = g - 1132. Suppose -4*z = -2*q - 7738, -5513 - g = -4*z + q. Is z a composite number?
True
Suppose 3*z = -r + 8, z + 6 = 3*r + 2. Let n(j) = 223*j**2 + 3*j - 3. Is n(r) prime?
False
Is (-28)/(-70) - (-2753)/10*2 a prime number?
False
Let p be 3150 - 9/((-27)/6). Suppose -l - 4*a = l - 1566, -4*l + 2*a = -p. Is l composite?
False
Suppose -4*m + 3*j + 29112 = 8503, 20608 = 4*m - 4*j. Is m prime?
True
Let f = -15 + 15. Let w(l) = l**3 - l**2 + 262. Let g be w(0). Suppose -t + 2*r + 115 = f, -2*t - 2*r - 38 = -g. Is t a prime number?
True
Let x(s) = 11*s - 7. Let j(r) = 5*r - 3. Let w(m) = 7*j(m) - 3*x(m). Let z be w(4). Is (-335)/(-9) - z/36 prime?
True
Let v(f) = -106*f - 3. Suppose 2*s - 3*t + 20 = t, 3*s = -3*t + 6. Is v(s) a prime number?
False
Let q(i) = -23*i - 9*i - 13*i + 10. Let f be q(-8). Suppose -f = 5*d - 7*d. Is d a composite number?
True
Let g be (3 - -1) + 1 + -2 + 0. Is 102 + (1 - (-3 + g)/4) a prime number?
True
Suppose 5*a + 8 + 5 = -3*v, -7 = a + 5*v. Let i be 534/(-5)*5/a. Suppose o - i = -2*o. Is o composite?
False
Suppose -20*u - 363446 = -66*u. Is u a composite number?
False
Let r(m) = 7*m - 5 + 6*m - 5*m + 2*m**2 - 2. Is r(6) a prime number?
True
Let s(o) = -104*o**2 - 8*o + 14. Let k be s(-8). Let w = k + 10015. Is w a prime number?
False
Let t(q) be the third derivative of -11*q**7/1680 - q**6/360 + q**5/12 - 3*q**2. Let j(b) be the third derivative of t(b). Is j(-5) a composite number?
False
Suppose -5*s + 3482 + 5313 = 0. Is s a composite number?
False
Is 4*(-2)/4 - (7 - 2246) prime?
True
Is (-2)/15 - (-109667)/15 a prime number?
False
Suppose 365*u = 362*u + 59811. Is u composite?
False
Suppose 13 = 3*l - 2. Suppose -l*n + x = -2*x - 34, -42 = -4*n - 5*x. Suppose -n*z + 7*z + 87 = 0. Is z composite?
True
Let w(l) be the second derivative of -l**5/10 + l**4/12 - 11*l**3/6 + 5*l**2/2 + 2*l. Is w(-5) prime?
False
Let v(i) = 63*i**2 - 5*i - 59. Is v(-9) a prime number?
False
Is ((-118640)/64)/(1 - (-5)/(-4)) a prime number?
False
Let y(u) = u**2 + 8*u - 5. Let m be y(-9). Let g = 33 - 30. Is 319 + -1 + (g - m) prime?
True
Let t be -5 - 8/(-3)*3. Suppose 4547 = 3*j - 2*o, 0 = -j + t*o - 8*o + 1527. Is j prime?
False
Let v = -70 - -1541. Is v composite?
False
Let u(b) = -66*b. Let r be u(-1). Let f = 1125 + r. Is f a composite number?
True
Suppose d + 105611 = 12*d. Is d prime?
True
Suppose -59*y = -54*y - 6065. Is y a prime number?
True
Is 27854*(-4)/(-6) - (-137)/(-411) prime?
False
Let x(n) = 12*n**2 - n - 3. Let z(k) = -25*k**2 + 2*k + 7. Let t(a) = 5*x(a) + 2*z(a). Let w = -9 - -5. Is t(w) a composite number?
False
Suppose 32*q = 79*q - 117641. Is q a composite number?
False
Suppose 0 = -5*v - 2*k + 9 + 10, -3*k + 1 = 2*v. Suppose -o - 1 = -4. Suppose -4*p + 1264 = r, -v*p - o*r = -6*r - 1597. Is p a prime number?
True
Let r = -36 + 61. Suppose -2*z + 0*z + 2*m = -742, -3*m = -5*z + 1865. Let b = r + z. Is b a composite number?
False
Suppose -29*h = -2378 - 1653. Is h composite?
False
Suppose -109 = -2*q + 1559. Let b = 36 - 26. Is q/15*b/4 a prime number?
True
Let n = 9 + -17. Let g = n + 7. Is 2 + -3 + (g - -303) a prime number?
False
Suppose -4*z + s + 44 = -3*s, -11 = -z + 5*s. Suppose -517 = z*d - 5940. Is d a composite number?
True
Let j be -3*(3 - 2) + (4 - 2). Is j/(-2) - (-27027)/22 composite?
False
Suppose 20*n - 29252 - 8608 = 0. Let j = 0 + 2. Suppose 5*v = j*v + n. Is v a composite number?
False
Let y(s) be the third derivative of 25*s**4/24 + 4*s**3/3 - 32*s**2. Is y(7) prime?
False
Let q(f) = 2*f**2 - 24*f - 13. Let o be q(13). Suppose -o*k = -14*k + 953. Is k a prime number?
True
Let s(g) be the third derivative of 2*g**5/5 + 13*g**4/24 + 11*g**3/6 - 21*g**2. Is s(6) a composite number?
False
Let c be 13/(819/14) + 274/(-18). Let b be (-1)/2 + 46/(-4). Let o = b - c. Is o composite?
False
Let s be (5 - 4)/(1/25). Let q be 6/(-10) + 15/s. Suppose q = 4*u - 63 - 509. Is u a prime number?
False
Let u = 105 + -117. Is 2/u + (-102412)/(-24) + 4 prime?
True
Suppose 8*f - 15 = 5*f. Suppose -2*c + 264 = 2*v, -2*v + 849 = f*c + 183. Is c prime?
False
Let g be (3 - (-2 - -6))*-79. Let f = 118 - g. Suppose -u = 2*y - f, 3*y - 7*y = -4. Is u prime?
True
Let o = 17 + -12. Suppose -q + 2*l + 613 - 188 = 0, o*q - 3*l = 2090. Is q a composite number?
True
Suppose -10*u - 22*u + 96864 = 0. Is u a prime number?
False
Let y(p) = -6*p**2 + 2*p + 4*p + 2 + 80*p**3 - 3*p - 2*p**2. Is y(3) a composite number?
False
Suppose 0 = 10*n - 13*n. Suppose n*g + 5*g = 10. Is g a composite number?
False
Suppose 1941 = 5*l - 2*j, -5*j = -0*j + 15. Let k = -6 - -10. Suppose 0 = 3*w + k*g - 2*g - l, 4*w + g = 511. Is w a prime number?
True
Let u be -7 + -1 + (-6)/(-3). Is ((-339)/u)/(2/20) a composite number?
True
Let q(f) = 3*f**2 + 45*f + 121. Is q(51) a prime number?
False
Let l = -4 + 3. Let v = 4 + l. Suppose -89 = -4*s + v. Is s prime?
True
Suppose 13*r = 9*r + 284. Let m = r + -58. Is m a composite number?
False
Let s be (3 + -1)/(5/10). Suppose -5*j - 2*z = -0*z - 22, -3*z - 13 = -s*j. Suppose -293 = -j*p + 23. Is p a prime number?
True
Let w be (2/4)/(6/(-12)). Let z be 45*(11 - (w + 1)). Let i = -284 + z. Is i a prime number?
True
Let w(f) = -f. Let t(x) = x**2 + x + 4. Let h be t(0). Let u be w(h). Is u + 0/(-1) + 1083 composite?
True
Let k(i) = -35*i + 2. Let d(h) be the first derivative of 17*h**2 - 2*h + 4. Let j(l) = -4*d(l) - 5*k(l). Is j(3) a prime number?
False
Let k be ((-3)/(-6))/((-2)/(-28)). Let u(s) = 86*s + 9. Is u(k) a prime number?
False
Let m(i) = -2*i**2 + 9*i + 5. Let y(q) = -q**2 + 3*q - 1. Let a be y(2). Let v(d) = d**2 - d - 1. Let b(g) = a*v(g) + m(g). Is b(7) prime?
True
Suppose 16*u + 32887 = -217. Let g = 176 - u. Is g composite?
True
Let m be 5/(10/6) + -54. Let r be m/(-1) + 1 + -2. Let k = 156 - r. Is k prime?
False
Let p(x) = 1622*x + 39. Is p(31) a composite number?
False
Let u(r) = -r**3 - 7*r**2 + 2*r + 6. Let n be u(-8). Let b = n + 149. Is b prime?
False
Suppose -411 - 621 = -4*k. Suppose 2*t - 5*z = 159, z = 5*t - k - 174. Is t composite?
True
Is (-240866)/(-10) + -2 + 124/310 prime?
False
Let t be ((-1998)/(-4))/(-9)*984/(-9). Suppose 4*m + 2*q = t, 3*m - 6*m = q - 4551. Is m composite?
True
Let j = -30972 - -57013. Is j a composite number?
False
Let f = 616 + -293. Suppose -f = -4*u - 107. Let j = u + -21. Is j composite?
True
Let m(l) = 5*l**2 - 2*l. Let t be m(1). Let n(v) = 25*v**3 - 5*v**2 + 2*v + 5. Is n(t) a composite number?
False
Let j = 1149 + -399. Suppose 139 = 3*a - 4*o - j, 4*a - 1232 = -4*o. Is a a composite number?
True
Let c = 25 + -20. Let o(u) = -3*u**2 + 8*u - 10. Let j be o(c). Is (j - -8)/((-2)/2) a composite number?
False
Let n(z) = z**2 + 6*z - 4. Let j be n(-7). Suppose -3*h + 10 = -d, j*h - 16 = -h. Suppose 0 = -d*q - q + 15, -p = 2*q - 93. Is p a composite number?
False
Let d(u) = -20*u**3 + 6*u**2 + 6*u + 11. Let h be (2/(-3))/(2/15). Is d(h) composite?
True
Let n be (1 + -2)*(1*12)/(-2). Suppose n*h - 2059 - 1787 = 0. Is h composite?
False
Suppose -1496 = -3*c + 997. Suppose 0 = -2*y + y + c. Is y a prime number?
False
Suppose 3*q - 2*q + 3*m = 2435, -3*q - 3*m = -7305. Is q composite?
True
Let y = 30 - 21. Suppose -y*t + 16*t - 5747 = 0. Is t a composite number?
False
Let w = 19255 - 10592. Is w a prime number?
True
Let q(y) = 137*y - 11. Let k(u) = -412*u + 34. Let x(s) = 3*k(s) + 10*q(s). Let m be x(5). Suppose -4*i + 2*i + m = 0. Is i prime?
True
Suppose -5423 + 44939 = 12*f. Is f a composite number?
True
Let c = -24 - -30. Suppose 0 = -c*t + 5*t + 1101. Is t composite?
True
Suppose -61*p = -69*p + 42008. Is p prime?
False
Let z(x) = x**3 - 5*x**2 + 3*x + 2. Let f be z(4). Let t = f + 10. Suppose -t = 4*m - 4, 4*b + m - 43 = 0. Is b a prime number?
True
Is ((-273581)/14 - -2)*-6 a composite number?
True
Suppose 6818 = 2*o + 2*s, -9328 = 